**2 - 2*j. Let d(b) = b**3 - 6*b**2 - 8*b + 3. Let k be d(7). Let o be i(k). What is the highest common divisor of o and 32?
8
Let j = -461 - -869. Suppose 5*y - j + 133 = 0. Suppose 3*x + 66 = 6*x. What is the greatest common divisor of y and x?
11
Let j be (1400/21)/8 - (-2)/3. Calculate the greatest common divisor of 108 and j.
9
Let z(h) = 2*h - 12. Let o be z(11). What is the greatest common divisor of o and 40?
10
Suppose -2*t = -26 - 22. What is the greatest common divisor of 216 and t?
24
Let y(q) = 9*q - 11*q + 15*q. Let i be y(1). What is the highest common divisor of 39 and i?
13
Let o(u) = 3*u + 21. Let n be o(-5). Let l(d) = d**2 - 1. Let z be l(-4). Calculate the highest common factor of z and n.
3
Let r(i) = 0 - 12*i + 1 - 4 - i**2. Let m = 12 - 21. Let t be r(m). What is the highest common divisor of 4 and t?
4
Suppose 0 = 2*g + 3*g - 360. Suppose -4*i = -g + 28. Let q be ((-2)/(-3))/((-6)/(-99)). What is the greatest common divisor of i and q?
11
Let w(g) = -g**3 + g + 3. Let b be w(0). Suppose -1 = -a, a = -3*n - 3*a + 16. Let o = n + b. What is the highest common factor of 7 and o?
7
Let g be (2 - 5) + 6 - -12. What is the highest common divisor of 45 and g?
15
Let v be 6/(-21) - (-1110)/14. Suppose -h = 4*g + g - 29, 0 = 5*h + 3*g - v. Let u be 164/h + (-4)/(-14). Calculate the highest common factor of u and 60.
12
Let x = 4 + -8. Let p = x + 7. Calculate the greatest common divisor of 2 and p.
1
Suppose 3*i + 2*a - a - 149 = 0, 0 = 4*i + 5*a - 184. What is the highest common divisor of i and 34?
17
Let t = 8 + 10. Calculate the highest common factor of 18 and t.
18
Let x be (-20)/15 - 2/3. Let f(s) = 5*s + 4. Let b(a) = a + 1. Let u(y) = 4*b(y) - f(y). Let r be u(x). Calculate the greatest common factor of 6 and r.
2
Let i(b) = 5*b - 11. Let c be i(16). Calculate the highest common factor of c and 3.
3
Let i = 29 + -53. Let z(s) = -5*s**3 - 2*s**2 + 2*s - 1. Let u be z(1). Let c be (26/u)/(1/i). Calculate the greatest common factor of 13 and c.
13
Let i(u) = 2*u**3 + 12 + 0*u - u**3 - u. Let g = -1 - -1. Let n be i(g). Calculate the greatest common divisor of n and 96.
12
Suppose 30 = w + 5*w. What is the highest common divisor of 2 and w?
1
Let x be (-2 - -4) + 1 + 3. Suppose x = -6*y + 24. Calculate the greatest common factor of y and 6.
3
Let v be 151 + 3 + (0 - 4). Calculate the greatest common factor of v and 60.
30
Suppose 3*a + 94 = 4*a + 4*l, -274 = -3*a - 4*l. What is the highest common factor of 30 and a?
30
Let f = -27 - -62. Let k = 31 + f. Suppose 2*o = 2*d - 12, 0 = 5*o - 4*o. What is the greatest common factor of k and d?
6
Let n(m) = 2*m**3 - 5*m**2 + 2*m. Let z = 1 - -2. Let p be n(z). What is the highest common divisor of 6 and p?
3
Let u(h) = -h**2 + 6*h. Let f be u(5). Suppose -3*m + 2*a = -m - 24, -f*m = 5*a - 10. Suppose -4*s + 31 = m. What is the greatest common factor of 54 and s?
6
Let i(k) = -k**2 + 5*k. Let b be i(5). Suppose b = -0*m + 5*m - 125. What is the highest common factor of 25 and m?
25
Suppose -2*t = 2*a - 164, -3*t - 260 = -6*t + 4*a. Suppose -n + 84 = 3*n. Calculate the greatest common divisor of t and n.
21
Let t be (0 - 0)/(-2) - -2. Let x(r) = 2*r**2 + 22*r + 66. Let n be x(-7). Calculate the highest common factor of t and n.
2
Suppose 0 = -4*h + 390 - 110. What is the greatest common divisor of h and 10?
10
Let i = -30 - -86. Calculate the highest common divisor of i and 14.
14
Suppose -5*b = -1 - 4. What is the greatest common factor of 9 and b?
1
Suppose 2*o = -4*o + 120. What is the greatest common factor of 4 and o?
4
Suppose 4*u + u + n = 55, -u = -3*n - 27. What is the highest common factor of u and 84?
12
Suppose -25*o + 184 = -23*o. What is the highest common factor of 230 and o?
46
Let u = -78 - -130. Let v = -16 + u. Let i = 61 - v. What is the greatest common factor of i and 10?
5
Let u be (-6 - 2)*(-2 - 0). Calculate the greatest common divisor of 8 and u.
8
Suppose -348 - 146 = -2*v. Calculate the highest common factor of v and 13.
13
Let c(i) = -2*i**2 + 11*i + 3. Let w be c(5). Calculate the highest common factor of w and 64.
8
Let t(l) = -12*l - 4. Let u(z) = -11*z - 3. Let c(g) = 3*t(g) - 4*u(g). Let h be c(2). What is the highest common divisor of 2 and h?
2
Suppose -2*q + 9 - 3 = 0. Suppose 7*i = q*i + 128. What is the highest common factor of i and 48?
16
Suppose 8 = w + 7. What is the greatest common divisor of w and 1?
1
Suppose -j - 3*o = -2*j - 110, 530 = -5*j - 5*o. Let p be 8/(-28) + j/(-7). Let b = 5 - 0. Calculate the highest common divisor of b and p.
5
Let c(j) = -j**3 - 7*j**2 - 8. Let b be c(-7). Let t be ((-2)/b)/((-5)/(-60)). Calculate the greatest common factor of 33 and t.
3
Suppose 4*s = -s. Suppose s = -0*t + 2*t. Suppose -3*z + 270 = -t*z. What is the greatest common divisor of z and 10?
10
Suppose -5*x + 2*x + 12 = 0, -4*v = -x - 60. What is the highest common factor of 16 and v?
16
Let q(d) = 3*d**2 + 5 + d**2 - 7*d - 5*d**2 + d. Let z be q(-6). What is the highest common factor of 25 and z?
5
Let f(r) = -37*r + 13. Let l be f(-2). What is the greatest common divisor of l and 29?
29
Suppose -2*c = -3*c + 2. Suppose 0 = 4*b + 3*v - 9, -4*b - 2*v = -2*b - c. Calculate the greatest common divisor of b and 30.
6
Let y(b) = b**2 - 18*b + 64. Let k be y(15). Calculate the highest common divisor of 247 and k.
19
Let y(k) = -k**3 + 4*k**2 + 6*k - 3. Let a be y(5). Suppose -a*c + 21 + 51 = 0. Calculate the highest common divisor of 9 and c.
9
Let y be (-29 + 5)*15/(-12). Calculate the greatest common divisor of 10 and y.
10
Let u = 1 - -2. Let o(x) = -x**3 + 8*x**2 - 4*x - 1. Let h be o(7). Suppose -3*y + 16 + h = 0. What is the highest common factor of u and y?
3
Suppose 34*n = 38*n - 204. Let i = -20 + 37. What is the highest common factor of i and n?
17
Let h = 11 - -209. What is the highest common divisor of h and 22?
22
Suppose 18 = d - 4*j - 7, -3*d - 3*j = 0. Let a = 25 + 30. Calculate the greatest common divisor of d and a.
5
Let l be (1/(-3))/(2/(-24)). Let u(k) = k - 7. Let n be u(7). Let q(x) = -x**3 - x**2 - x + 44. Let t be q(n). Calculate the highest common divisor of l and t.
4
Suppose j - 792 = -2*j. Calculate the greatest common divisor of 24 and j.
24
Suppose 0 = -2*u + 7 + 1. Suppose 27 = u*t - t. Let l = -30 + 57. What is the greatest common factor of t and l?
9
Let f = 7 + 5. Suppose -3*x = -0*x - f. Calculate the greatest common divisor of x and 1.
1
Let n be (5 - 4 - 31)*-1. What is the greatest common factor of 75 and n?
15
Suppose 3 = -2*p + 33. What is the highest common divisor of 45 and p?
15
Let u be (8/6)/(6/(-18)). Let p(b) = b**3 + 4*b**2 - 4*b. Let w be p(u). Let v = -21 - -61. What is the greatest common factor of v and w?
8
Suppose 0 = -2*l - 5 - 19. Let g = -8 - l. Let z be (-7 + 3)*(-2)/4. Calculate the greatest common factor of g and z.
2
Let k(d) = 1. Let s(n) = n + 11. Let b(g) = -5*k(g) + s(g). Let w be b(-3). Let q be 2/((-1 + w)/80). Calculate the highest common divisor of q and 10.
10
Suppose -2*u = -c - 2, -c + u + 2*u - 5 = 0. Let k be c/12 + (-71)/(-3). Suppose 3*i - 19 = 17. Calculate the greatest common factor of i and k.
12
Let o be 35 - 2/2 - 1. Let g = o - 10. What is the greatest common factor of 115 and g?
23
Suppose 7*h = 8 + 83. What is the highest common divisor of h and 39?
13
Suppose 4*t - 2*r + 91 = -3*r, 0 = -2*t + r - 53. Let d = 40 + t. Let u be ((-72)/(-4))/(-2*(-4)/64). Calculate the highest common divisor of d and u.
16
Let i(r) = -4 + 0 + 2*r - r**3 - 5*r + 6*r**2 + 7. Let m be i(3). What is the greatest common divisor of 14 and m?
7
Suppose -45 = -2*y + 13. Let v = 27 + y. What is the greatest common factor of 8 and v?
8
Let l be 11*25 + -1 + 2. Let f = l - 92. Calculate the greatest common factor of 23 and f.
23
Let j = 6 + -4. Let h be (4/j - -9) + 1. Calculate the highest common divisor of 4 and h.
4
Suppose 5*u - 100 = -5*d, 0*d - 2*d - 68 = -4*u. Calculate the greatest common divisor of 45 and u.
9
Suppose 0 = -8*f + 3*f + 5. Calculate the highest common factor of f and 1.
1
Let v(m) = 3*m**2 - 7*m + 6. Let i be v(1). Calculate the greatest common factor of i and 2.
2
Let k(o) = 3 - 25*o - 5 - 1 + 4. Let n be k(-1). Let x = -15 + n. What is the highest common factor of 11